{"version":"1.0","provider_name":"DANSOM\u00c8TRE - espace de cr\u00e9ation chor\u00e9graphique - VEVEY","provider_url":"https:\/\/www.dansometre.ch\/en\/","title":"Journ\u00e9e culturelle en LSF - DANSOM\u00c8TRE - espace de cr\u00e9ation chor\u00e9graphique - VEVEY","type":"rich","width":600,"height":338,"html":"<blockquote class=\"wp-embedded-content\" data-secret=\"OWbRsMkFGy\"><a href=\"https:\/\/www.dansometre.ch\/en\/ateliers\/journee-culturelle-en-lsf-2\/\">Journ\u00e9e culturelle en LSF<\/a><\/blockquote><iframe sandbox=\"allow-scripts\" security=\"restricted\" src=\"https:\/\/www.dansometre.ch\/en\/ateliers\/journee-culturelle-en-lsf-2\/embed\/#?secret=OWbRsMkFGy\" width=\"600\" height=\"338\" title=\"&#8220;Journ\u00e9e culturelle en LSF&#8221; &#8212; DANSOM\u00c8TRE - espace de cr\u00e9ation chor\u00e9graphique - VEVEY\" data-secret=\"OWbRsMkFGy\" frameborder=\"0\" marginwidth=\"0\" marginheight=\"0\" scrolling=\"no\" class=\"wp-embedded-content\"><\/iframe><script>\n\/*! This file is auto-generated *\/\n!function(d,l){\"use strict\";l.querySelector&&d.addEventListener&&\"undefined\"!=typeof URL&&(d.wp=d.wp||{},d.wp.receiveEmbedMessage||(d.wp.receiveEmbedMessage=function(e){var t=e.data;if((t||t.secret||t.message||t.value)&&!\/[^a-zA-Z0-9]\/.test(t.secret)){for(var s,r,n,a=l.querySelectorAll('iframe[data-secret=\"'+t.secret+'\"]'),o=l.querySelectorAll('blockquote[data-secret=\"'+t.secret+'\"]'),c=new RegExp(\"^https?:$\",\"i\"),i=0;i<o.length;i++)o[i].style.display=\"none\";for(i=0;i<a.length;i++)s=a[i],e.source===s.contentWindow&&(s.removeAttribute(\"style\"),\"height\"===t.message?(1e3<(r=parseInt(t.value,10))?r=1e3:~~r<200&&(r=200),s.height=r):\"link\"===t.message&&(r=new URL(s.getAttribute(\"src\")),n=new URL(t.value),c.test(n.protocol))&&n.host===r.host&&l.activeElement===s&&(d.top.location.href=t.value))}},d.addEventListener(\"message\",d.wp.receiveEmbedMessage,!1),l.addEventListener(\"DOMContentLoaded\",function(){for(var e,t,s=l.querySelectorAll(\"iframe.wp-embedded-content\"),r=0;r<s.length;r++)(t=(e=s[r]).getAttribute(\"data-secret\"))||(t=Math.random().toString(36).substring(2,12),e.src+=\"#?secret=\"+t,e.setAttribute(\"data-secret\",t)),e.contentWindow.postMessage({message:\"ready\",secret:t},\"*\")},!1)))}(window,document);\n\/\/# sourceURL=https:\/\/www.dansometre.ch\/wp-includes\/js\/wp-embed.min.js\n<\/script>\n","thumbnail_url":"https:\/\/www.dansometre.ch\/wp-content\/uploads\/DANSOMETRE_2025_RS_1080x1080px_09-12.2025_28.08_2.jpg","thumbnail_width":2160,"thumbnail_height":2160,"description":"Atelier de mouvement, continuant sa lanc\u00e9e sur la qualit\u00e9 de pr\u00e9sence et la cr\u00e9ativit\u00e9 de chacun.e.Nous irons en premier lieu faire une plong\u00e9e au Mus\u00e9e Jenisch afin de s\u2019impr\u00e9gner des traces des peintres.\u00c0 travers un jeu d\u2019aller-retour entre la main dessinant et le corps dansant, nous explorerons le lien entre papier et espace, crayons et [&hellip;]"}

DANSOMÈTRE - espace de création chorégraphique - VEVEY

Journée culturelle en LSF - DANSOMÈTRE - espace de création chorégraphique - VEVEY

<blockquote class="wp-embedded-content" data-secret="OWbRsMkFGy"><a href="https://www.dansometre.ch/en/ateliers/journee-culturelle-en-lsf-2/">Journée culturelle en LSF</a></blockquote><iframe sandbox="allow-scripts" security="restricted" src="https://www.dansometre.ch/en/ateliers/journee-culturelle-en-lsf-2/embed/#?secret=OWbRsMkFGy" width="600" height="338" title="&#8220;Journée culturelle en LSF&#8221; &#8212; DANSOMÈTRE - espace de création chorégraphique - VEVEY" data-secret="OWbRsMkFGy" frameborder="0" marginwidth="0" marginheight="0" scrolling="no" class="wp-embedded-content"></iframe><script>
/*! This file is auto-generated */
!function(d,l){"use strict";l.querySelector&&d.addEventListener&&"undefined"!=typeof URL&&(d.wp=d.wp||{},d.wp.receiveEmbedMessage||(d.wp.receiveEmbedMessage=function(e){var t=e.data;if((t||t.secret||t.message||t.value)&&!/[^a-zA-Z0-9]/.test(t.secret)){for(var s,r,n,a=l.querySelectorAll('iframe[data-secret="'+t.secret+'"]'),o=l.querySelectorAll('blockquote[data-secret="'+t.secret+'"]'),c=new RegExp("^https?:$","i"),i=0;i<o.length;i++)o[i].style.display="none";for(i=0;i<a.length;i++)s=a[i],e.source===s.contentWindow&&(s.removeAttribute("style"),"height"===t.message?(1e3<(r=parseInt(t.value,10))?r=1e3:~~r<200&&(r=200),s.height=r):"link"===t.message&&(r=new URL(s.getAttribute("src")),n=new URL(t.value),c.test(n.protocol))&&n.host===r.host&&l.activeElement===s&&(d.top.location.href=t.value))}},d.addEventListener("message",d.wp.receiveEmbedMessage,!1),l.addEventListener("DOMContentLoaded",function(){for(var e,t,s=l.querySelectorAll("iframe.wp-embedded-content"),r=0;r<s.length;r++)(t=(e=s[r]).getAttribute("data-secret"))||(t=Math.random().toString(36).substring(2,12),e.src+="#?secret="+t,e.setAttribute("data-secret",t)),e.contentWindow.postMessage({message:"ready",secret:t},"*")},!1)))}(window,document);
//# sourceURL=https://www.dansometre.ch/wp-includes/js/wp-embed.min.js
</script>

Atelier de mouvement, continuant sa lancée sur la qualité de présence et la créativité de chacun.e.Nous irons en premier lieu faire une plongée au Musée Jenisch afin de s’imprégner des traces des peintres.À travers un jeu d’aller-retour entre la main dessinant et le corps dansant, nous explorerons le lien entre papier et espace, crayons et [&hellip;]
