{"version":"1.0","provider_name":"DANSOM\u00c8TRE - espace de cr\u00e9ation chor\u00e9graphique - VEVEY","provider_url":"https:\/\/www.dansometre.ch\/en\/","title":"Appel \u00e0 projet pour les Pr\u00e9sences Performatives - DANSOM\u00c8TRE - espace de cr\u00e9ation chor\u00e9graphique - VEVEY","type":"rich","width":600,"height":338,"html":"<blockquote class=\"wp-embedded-content\" data-secret=\"vE5RAs4bC2\"><a href=\"https:\/\/www.dansometre.ch\/en\/rdv-pro\/appel-a-projet-pour-les-presences-performatives\/\">Appel \u00e0 projet pour les Pr\u00e9sences Performatives<\/a><\/blockquote><iframe sandbox=\"allow-scripts\" security=\"restricted\" src=\"https:\/\/www.dansometre.ch\/en\/rdv-pro\/appel-a-projet-pour-les-presences-performatives\/embed\/#?secret=vE5RAs4bC2\" width=\"600\" height=\"338\" title=\"&#8220;Appel \u00e0 projet pour les Pr\u00e9sences Performatives&#8221; &#8212; DANSOM\u00c8TRE - espace de cr\u00e9ation chor\u00e9graphique - VEVEY\" data-secret=\"vE5RAs4bC2\" frameborder=\"0\" marginwidth=\"0\" marginheight=\"0\" scrolling=\"no\" class=\"wp-embedded-content\"><\/iframe><script>\n\/*! This file is auto-generated *\/\n!function(d,l){\"use strict\";l.querySelector&&d.addEventListener&&\"undefined\"!=typeof URL&&(d.wp=d.wp||{},d.wp.receiveEmbedMessage||(d.wp.receiveEmbedMessage=function(e){var t=e.data;if((t||t.secret||t.message||t.value)&&!\/[^a-zA-Z0-9]\/.test(t.secret)){for(var s,r,n,a=l.querySelectorAll('iframe[data-secret=\"'+t.secret+'\"]'),o=l.querySelectorAll('blockquote[data-secret=\"'+t.secret+'\"]'),c=new RegExp(\"^https?:$\",\"i\"),i=0;i<o.length;i++)o[i].style.display=\"none\";for(i=0;i<a.length;i++)s=a[i],e.source===s.contentWindow&&(s.removeAttribute(\"style\"),\"height\"===t.message?(1e3<(r=parseInt(t.value,10))?r=1e3:~~r<200&&(r=200),s.height=r):\"link\"===t.message&&(r=new URL(s.getAttribute(\"src\")),n=new URL(t.value),c.test(n.protocol))&&n.host===r.host&&l.activeElement===s&&(d.top.location.href=t.value))}},d.addEventListener(\"message\",d.wp.receiveEmbedMessage,!1),l.addEventListener(\"DOMContentLoaded\",function(){for(var e,t,s=l.querySelectorAll(\"iframe.wp-embedded-content\"),r=0;r<s.length;r++)(t=(e=s[r]).getAttribute(\"data-secret\"))||(t=Math.random().toString(36).substring(2,12),e.src+=\"#?secret=\"+t,e.setAttribute(\"data-secret\",t)),e.contentWindow.postMessage({message:\"ready\",secret:t},\"*\")},!1)))}(window,document);\n\/\/# sourceURL=https:\/\/www.dansometre.ch\/wp-includes\/js\/wp-embed.min.js\n<\/script>\n","thumbnail_url":"https:\/\/www.dansometre.ch\/wp-content\/uploads\/TF24_vevey_\u00a9Yuri-Sory_Anthro-10-scaled.jpg","thumbnail_width":2560,"thumbnail_height":1707,"description":"Le Dansom\u00e8tre lance un appel pour la programmation de pi\u00e8ces chor\u00e9graphiques contemporaines qui auront lieu le 30 octobre 2026. Conditions Le dossier (en un seul pdf) doit contenir une br\u00e8ve pr\u00e9sentation de la compagnie, bios des intervenant\u00b7e\u00b7s, descriptif du projet (1 page max) avec un lien vid\u00e9o du projet en question ou d\u2019un autre travail. [&hellip;]"}

DANSOMÈTRE - espace de création chorégraphique - VEVEY

Appel à projet pour les Présences Performatives - DANSOMÈTRE - espace de création chorégraphique - VEVEY

<blockquote class="wp-embedded-content" data-secret="vE5RAs4bC2"><a href="https://www.dansometre.ch/en/rdv-pro/appel-a-projet-pour-les-presences-performatives/">Appel à projet pour les Présences Performatives</a></blockquote><iframe sandbox="allow-scripts" security="restricted" src="https://www.dansometre.ch/en/rdv-pro/appel-a-projet-pour-les-presences-performatives/embed/#?secret=vE5RAs4bC2" width="600" height="338" title="&#8220;Appel à projet pour les Présences Performatives&#8221; &#8212; DANSOMÈTRE - espace de création chorégraphique - VEVEY" data-secret="vE5RAs4bC2" frameborder="0" marginwidth="0" marginheight="0" scrolling="no" class="wp-embedded-content"></iframe><script>
/*! This file is auto-generated */
!function(d,l){"use strict";l.querySelector&&d.addEventListener&&"undefined"!=typeof URL&&(d.wp=d.wp||{},d.wp.receiveEmbedMessage||(d.wp.receiveEmbedMessage=function(e){var t=e.data;if((t||t.secret||t.message||t.value)&&!/[^a-zA-Z0-9]/.test(t.secret)){for(var s,r,n,a=l.querySelectorAll('iframe[data-secret="'+t.secret+'"]'),o=l.querySelectorAll('blockquote[data-secret="'+t.secret+'"]'),c=new RegExp("^https?:$","i"),i=0;i<o.length;i++)o[i].style.display="none";for(i=0;i<a.length;i++)s=a[i],e.source===s.contentWindow&&(s.removeAttribute("style"),"height"===t.message?(1e3<(r=parseInt(t.value,10))?r=1e3:~~r<200&&(r=200),s.height=r):"link"===t.message&&(r=new URL(s.getAttribute("src")),n=new URL(t.value),c.test(n.protocol))&&n.host===r.host&&l.activeElement===s&&(d.top.location.href=t.value))}},d.addEventListener("message",d.wp.receiveEmbedMessage,!1),l.addEventListener("DOMContentLoaded",function(){for(var e,t,s=l.querySelectorAll("iframe.wp-embedded-content"),r=0;r<s.length;r++)(t=(e=s[r]).getAttribute("data-secret"))||(t=Math.random().toString(36).substring(2,12),e.src+="#?secret="+t,e.setAttribute("data-secret",t)),e.contentWindow.postMessage({message:"ready",secret:t},"*")},!1)))}(window,document);
//# sourceURL=https://www.dansometre.ch/wp-includes/js/wp-embed.min.js
</script>

Le Dansomètre lance un appel pour la programmation de pièces chorégraphiques contemporaines qui auront lieu le 30 octobre 2026. Conditions Le dossier (en un seul pdf) doit contenir une brève présentation de la compagnie, bios des intervenant·e·s, descriptif du projet (1 page max) avec un lien vidéo du projet en question ou d’un autre travail. [&hellip;]
